{"id":174,"date":"2019-08-30T22:08:44","date_gmt":"2019-08-30T19:08:44","guid":{"rendered":"http:\/\/www.j-ht.org\/?page_id=174"},"modified":"2023-12-01T14:21:03","modified_gmt":"2023-12-01T11:21:03","slug":"current-issue","status":"publish","type":"page","link":"https:\/\/www.j-ht.org\/?page_id=174","title":{"rendered":"Special Issue-2019"},"content":{"rendered":"\n<h6 class=\"wp-block-heading\">Special Issue (2019) \u2013&nbsp; <\/h6>\n\n\n\n<div class=\"wp-block-group\"><div class=\"wp-block-group__inner-container is-layout-flow wp-block-group-is-layout-flow\">\n<div class=\"wp-block-image\"><figure class=\"aligncenter size-large\"><img loading=\"lazy\" decoding=\"async\" width=\"200\" height=\"73\" src=\"https:\/\/www.j-ht.org\/wp-content\/uploads\/2019\/11\/OS_logo-e1574703850550.jpg\" alt=\"\" class=\"wp-image-2160\"><\/figure><\/div>\n<\/div><\/div>\n\n\n\n<p class=\"has-luminous-vivid-orange-background-color has-background\"><strong> <em>J.Het.Turk.<\/em>,  Special issue, Published: Sep 11, 2019 \u2013&nbsp; <\/strong><\/p>\n\n\n\n<h5 class=\"wp-block-heading has-text-align-left\"> Contents<\/h5>\n\n\n\n<hr class=\"wp-block-separator has-css-opacity\"\/>\n\n\n\n<p class=\"has-very-light-gray-background-color has-background\"><strong>K\u0131yak,S., 2019, <\/strong>Bilimsel yay\u0131n,e-Dergi Yay\u0131nc\u0131l\u0131\u011f\u0131 ve T\u00fcrkiye Heteroptera Dergisi,<em> J.Het.Turk.,<\/em> Special issue:1-3 <\/p>\n\n\n\n<p class=\"has-very-light-gray-background-color has-background\"><strong>K\u0131yak,S., 2019<\/strong>,D\u00fcnya ve T\u00fcrkiye\u2019de Heteroptera Taksonu Biyo-\u00e7e\u015fitlili\u011fi ve \u00c7al\u0131\u015fmalar\u0131na K\u0131sa BirBak\u0131\u015f, <em>J.Het.Turk<\/em>., Special Issue:4-5 <\/p>\n\n\n\n<p class=\"has-very-light-gray-background-color has-background\"> <strong>K\u0131yak,S., 2019<\/strong>,Heteropterlerin ekosistemdeki biyo-ekolojik rolleri hakk\u0131nda, <em>J.Het.Turk<\/em>.,Special Issue:6-7<\/p>\n\n\n\n<p class=\"has-very-light-gray-background-color has-background\"><strong>K\u0131yak,S., 2019<\/strong>,D\u00fcnyadaki Biyo\u00e7e\u015fitlilik ve B\u00f6ceklerin Ekosistem A\u00e7\u0131s\u0131ndan \u00d6nemi Hakk\u0131nda, <em>J.Het.Turk<\/em>.,Special Issue:8-9  <\/p>\n\n\n\n<p class=\"has-very-light-gray-background-color has-background\"><strong>K\u0131yak,S., 2019<\/strong>,Heteroptera\u2019da Predat\u00f6rizm, <em>J.Het.Turk<\/em>.,Special Issue:10-11 <\/p>\n\n\n\n<hr class=\"wp-block-separator has-css-opacity\"\/>\n\n\n\n<h4 class=\"wp-block-heading has-text-align-center\"><\/h4>\n\n\n\n<h4 class=\"wp-block-heading has-text-align-center\">Articles in this issue <\/h4>\n\n\n\n<hr class=\"wp-block-separator has-css-opacity\"\/>\n\n\n\n<h5 class=\"wp-block-heading\">Bilimsel yay\u0131n,e-Dergi Yay\u0131nc\u0131l\u0131\u011f\u0131 ve T\u00fcrkiye Heteroptera Dergisi <a name=\"m2\"><\/a><\/h5>\n\n\n\n<p class=\"has-text-align-left\" style=\"font-size:14px\">Suat KIYAK<\/p>\n\n\n<div class=\"su-tabs su-tabs-style-default su-tabs-mobile-stack\" data-active=\"1\" data-scroll-offset=\"0\" data-anchor-in-url=\"no\"><div class=\"su-tabs-nav\"><span class=\"\" data-url=\"\" data-target=\"blank\" tabindex=\"0\" role=\"button\">\u00d6zet<\/span><span class=\"\" data-url=\"\" data-target=\"blank\" tabindex=\"0\" role=\"button\">Yazar ve Kurum<\/span><span class=\"\" data-url=\"\" data-target=\"blank\" tabindex=\"0\" role=\"button\">Anahtar kelimeler<\/span><span class=\"\" data-url=\"\" data-target=\"blank\" tabindex=\"0\" role=\"button\">At\u0131f k\u00fcnyesi<\/span><span class=\"\" data-url=\"https:\/\/www.j-ht.org\/wp-content\/uploads\/2019\/09\/jht-spec-1.pdf\" data-target=\"blank\" tabindex=\"0\" role=\"button\">PDF<\/span><span class=\"\" data-url=\"\" data-target=\"blank\" tabindex=\"0\" role=\"button\">Makale s\u00fcreci<\/span><\/div><div class=\"su-tabs-panes\"><div class=\"su-tabs-pane su-u-clearfix su-u-trim\" data-title=\"\u00d6zet\">\u00d6ZET:Bu makalede bilimsel anlamda dergi yay\u0131nc\u0131l\u0131\u011f\u0131na k\u0131sa bir bak\u0131\u015f sunularak, T\u00fcrkiye ve palearktik Heteroptera taksonu ile ilgili bilimsel \u00e7al\u0131\u015fmalar\u0131 yay\u0131nlayacak olan ve yay\u0131n hayat\u0131na yeni ba\u015flayan \u201cJournal of the Heteroptera of Turkey\u201d e-dergisinin kapsam\u0131 ve bi\u00e7imi hakk\u0131nda bilgiler \u00f6zetlenmi\u015ftir.<\/div>\n<div class=\"su-tabs-pane su-u-clearfix su-u-trim\" data-title=\"Yazar ve Kurum\">Suat K\u0131yak<br \/>\n*Gazi Universiesi, Fen Fak\u00fcltesi, Biyoloji B\u00f6l\u00fcm\u00fc, Teknikokullar-Ankara\/ T\u00fcrkiye E-posta: skiyak@gazi.edu.tr<\/div>\n<div class=\"su-tabs-pane su-u-clearfix su-u-trim\" data-title=\"Anahtar kelimeler\">Anahtar kelimeler: Yay\u0131nc\u0131l\u0131k, e-Dergi, T\u00fcrkiye, Heteroptera<\/div>\n<div class=\"su-tabs-pane su-u-clearfix su-u-trim\" data-title=\"At\u0131f k\u00fcnyesi\">K\u0131yak,S., 2019, Bilimsel yay\u0131n,e-Dergi Yay\u0131nc\u0131l\u0131\u011f\u0131 ve T\u00fcrkiye Heteroptera Dergisi, J.Het.Turk., Special issue:1-3.<\/div>\n<div class=\"su-tabs-pane su-u-clearfix su-u-trim\" data-title=\"PDF\"><\/div>\n<div class=\"su-tabs-pane su-u-clearfix su-u-trim\" data-title=\"Makale s\u00fcreci\">Geli\u015f tarihi: Au\u011f 20 , 2019<br \/>\nYay\u0131nlanma tarihi:  Eyl 11, 2019<\/div><\/div><\/div>\n\n\n\n<p><\/p>\n\n\n\n<p><\/p>\n\n\n\n<hr class=\"wp-block-separator has-css-opacity\"\/>\n\n\n\n<h5 class=\"wp-block-heading\"><strong>D\u00fcnya ve T\u00fcrkiye\u2019de Heteroptera Taksonu Biyo-\u00e7e\u015fitlili\u011fi ve \u00c7al\u0131\u015fmalar\u0131na K\u0131sa Bir bak\u0131\u015f<\/strong> <\/h5>\n\n\n\n<p class=\"has-text-align-left\" style=\"font-size:14px\">Suat KIYAK<\/p>\n\n\n<div class=\"su-tabs su-tabs-style-default su-tabs-mobile-stack\" data-active=\"1\" data-scroll-offset=\"0\" data-anchor-in-url=\"no\"><div class=\"su-tabs-nav\"><span class=\"\" data-url=\"\" data-target=\"blank\" tabindex=\"0\" role=\"button\">\u00d6zet<\/span><span class=\"\" data-url=\"\" data-target=\"blank\" tabindex=\"0\" role=\"button\">Yazar ve Kurum<\/span><span class=\"\" data-url=\"\" data-target=\"blank\" tabindex=\"0\" role=\"button\">Anahtar kelimeler<\/span><span class=\"\" data-url=\"\" data-target=\"blank\" tabindex=\"0\" role=\"button\">At\u0131f k\u00fcnyesi<\/span><span class=\"\" data-url=\"https:\/\/www.j-ht.org\/wp-content\/uploads\/2019\/09\/jht-spec-2.pdf\" data-target=\"blank\" tabindex=\"0\" role=\"button\">PDF<\/span><span class=\"\" data-url=\"\" data-target=\"blank\" tabindex=\"0\" role=\"button\">Makale s\u00fcreci<\/span><\/div><div class=\"su-tabs-panes\"><div class=\"su-tabs-pane su-u-clearfix su-u-trim\" data-title=\"\u00d6zet\">\u00d6ZET: Bu makalede d\u00fcnya ve T\u00fcrkiyede Heteroptera taksonu ile ilgili t\u00fcr say\u0131s\u0131, tan\u0131t\u0131c\u0131 bilgiler ve \u00fclkemiz faunas\u0131 \u00fczerine \u00e7al\u0131\u015fma yapan ara\u015ft\u0131rmac\u0131lar hakk\u0131nda bilgiler \u00f6zetlenmi\u015ftir.<\/div>\n<div class=\"su-tabs-pane su-u-clearfix su-u-trim\" data-title=\"Yazar ve Kurum\">Suat K\u0131yak<br \/>\n*Gazi Universiesi, Fen Fak\u00fcltesi, Biyoloji B\u00f6l\u00fcm\u00fc, Teknikokullar-Ankara\/ T\u00fcrkiye E-posta: skiyak@gazi.edu.tr<\/div>\n<div class=\"su-tabs-pane su-u-clearfix su-u-trim\" data-title=\"Anahtar kelimeler\">Anahtar kelimeler: T\u00fcrkiye, Heteroptera, t\u00fcr say\u0131s\u0131, ara\u015ft\u0131rmalar.<\/div>\n<div class=\"su-tabs-pane su-u-clearfix su-u-trim\" data-title=\"At\u0131f k\u00fcnyesi\">K\u0131yak,S., 2019, D\u00fcnya ve T\u00fcrkiye\u2019de Heteroptera Taksonu Biyo-\u00e7e\u015fitlili\u011fi ve \u00c7al\u0131\u015fmalar\u0131na K\u0131sa Bir Bak\u0131\u015f J.Het.Turk., Special Issue: 6-7<\/div>\n<div class=\"su-tabs-pane su-u-clearfix su-u-trim\" data-title=\"PDF\"><\/div>\n<div class=\"su-tabs-pane su-u-clearfix su-u-trim\" data-title=\"Makale s\u00fcreci\">Geli\u015f tarihi: Au\u011f 22 , 2019<br \/>\nYay\u0131nlanma tarihi:  Eyl 11, 2019<\/div><\/div><\/div>\n\n\n\n<p><\/p>\n\n\n\n<hr class=\"wp-block-separator has-css-opacity\"\/>\n\n\n\n<h5 class=\"wp-block-heading has-text-align-left\">Heteropterlerin ekosistemdeki biyo-ekolojik rolleri hakk\u0131nda <\/h5>\n\n\n\n<p class=\"has-text-align-left\" style=\"font-size:14px\">Suat KIYAK<\/p>\n\n\n<div class=\"su-tabs su-tabs-style-default su-tabs-mobile-stack\" data-active=\"1\" data-scroll-offset=\"0\" data-anchor-in-url=\"no\"><div class=\"su-tabs-nav\"><span class=\"\" data-url=\"\" data-target=\"blank\" tabindex=\"0\" role=\"button\">\u00d6zet<\/span><span class=\"\" data-url=\"\" data-target=\"blank\" tabindex=\"0\" role=\"button\">Yazar ve Kurum<\/span><span class=\"\" data-url=\"\" data-target=\"blank\" tabindex=\"0\" role=\"button\">Anahtar kelimeler<\/span><span class=\"\" data-url=\"\" data-target=\"blank\" tabindex=\"0\" role=\"button\">At\u0131f k\u00fcnyesi<\/span><span class=\"\" data-url=\"https:\/\/www.j-ht.org\/wp-content\/uploads\/2019\/09\/jht-spec-3.pdf\" data-target=\"blank\" tabindex=\"0\" role=\"button\">PDF<\/span><span class=\"\" data-url=\"\" data-target=\"blank\" tabindex=\"0\" role=\"button\">Makale s\u00fcreci<\/span><\/div><div class=\"su-tabs-panes\"><div class=\"su-tabs-pane su-u-clearfix su-u-trim\" data-title=\"\u00d6zet\">\u00d6ZET: Edit\u00f6ryal bu yaz\u0131da Heteroptera alt tak\u0131m\u0131 t\u00fcrlerinin ekosistem tercihleri,adaptasyonlar\u0131 ve biyo-ekolojileri hakk\u0131nda k\u0131sa bilgiler verilmi\u015ftir.<\/div>\n<div class=\"su-tabs-pane su-u-clearfix su-u-trim\" data-title=\"Yazar ve Kurum\">Suat K\u0131yak<br \/>\n*Gazi Universiesi, Fen Fak\u00fcltesi, Biyoloji B\u00f6l\u00fcm\u00fc, Teknikokullar-Ankara\/ T\u00fcrkiye E-posta: skiyak@gazi.edu.tr<\/div>\n<div class=\"su-tabs-pane su-u-clearfix su-u-trim\" data-title=\"Anahtar kelimeler\">Anahtar kelimeler: Heteroptera, ekosistem, biyo-ekoloji.<\/div>\n<div class=\"su-tabs-pane su-u-clearfix su-u-trim\" data-title=\"At\u0131f k\u00fcnyesi\">K\u0131yak, S., 2019, Heteropterlerin ekosistemdeki biyo-ekolojik rolleri hakk\u0131nda, J.Het.Turk.,Special Issue:4-5<\/div>\n<div class=\"su-tabs-pane su-u-clearfix su-u-trim\" data-title=\"PDF\"><\/div>\n<div class=\"su-tabs-pane su-u-clearfix su-u-trim\" data-title=\"Makale s\u00fcreci\">Geli\u015f tarihi: Au\u011f 25 , 2019<br \/>\nYay\u0131nlanma tarihi:  Eyl 11, 2019<\/div><\/div><\/div>\n\n\n\n<p><\/p>\n\n\n\n<p><\/p>\n\n\n\n<hr class=\"wp-block-separator has-css-opacity\"\/>\n\n\n\n<h5 class=\"wp-block-heading\">D\u00fcnyadaki Biyo\u00e7e\u015fitlilik ve B\u00f6ceklerin Ekosistem A\u00e7\u0131s\u0131ndan\n\u00d6nemi Hakk\u0131nda<\/h5>\n\n\n\n<p class=\"has-text-align-left\" style=\"font-size:14px\">Suat K\u0131yak<\/p>\n\n\n<div class=\"su-tabs su-tabs-style-default su-tabs-mobile-stack\" data-active=\"1\" data-scroll-offset=\"0\" data-anchor-in-url=\"no\"><div class=\"su-tabs-nav\"><span class=\"\" data-url=\"\" data-target=\"blank\" tabindex=\"0\" role=\"button\">\u00d6zet<\/span><span class=\"\" data-url=\"\" data-target=\"blank\" tabindex=\"0\" role=\"button\">Yazar ve Kurum<\/span><span class=\"\" data-url=\"\" data-target=\"blank\" tabindex=\"0\" role=\"button\">Anahtar kelimeler<\/span><span class=\"\" data-url=\"\" data-target=\"blank\" tabindex=\"0\" role=\"button\">At\u0131f k\u00fcnyesi<\/span><span class=\"\" data-url=\"https:\/\/www.j-ht.org\/wp-content\/uploads\/2019\/09\/jht-spec-4.pdf\" data-target=\"blank\" tabindex=\"0\" role=\"button\">PDF<\/span><span class=\"\" data-url=\"\" data-target=\"blank\" tabindex=\"0\" role=\"button\">Makale s\u00fcreci<\/span><\/div><div class=\"su-tabs-panes\"><div class=\"su-tabs-pane su-u-clearfix su-u-trim\" data-title=\"\u00d6zet\">\u00d6ZET: Bu edit\u00f6ryal yaz\u0131da d\u00fcnyadaki b\u00f6cek biyo\u00e7e\u015fitlili\u011fi ve \u00f6nemi hakk\u0131nda k\u0131sa bilgiler verilerek, canl\u0131l\u0131\u011f\u0131n s\u00fcreklili\u011fi a\u00e7\u0131s\u0131ndan ekositemdeki rollerine de\u011finilmi\u015ftir.<\/div>\n<div class=\"su-tabs-pane su-u-clearfix su-u-trim\" data-title=\"Yazar ve Kurum\">Suat K\u0131yak<br \/>\n*Gazi Universiesi, Fen Fak\u00fcltesi, Biyoloji B\u00f6l\u00fcm\u00fc, Teknikokullar-Ankara\/ T\u00fcrkiye E-posta: skiyak@gazi.edu.tr<\/div>\n<div class=\"su-tabs-pane su-u-clearfix su-u-trim\" data-title=\"Anahtar kelimeler\">Anahtar kelimeler:D\u00fcnya, b\u00f6cek, biyo\u00e7e\u015fitlilik, ekosistem<\/div>\n<div class=\"su-tabs-pane su-u-clearfix su-u-trim\" data-title=\"At\u0131f k\u00fcnyesi\">K\u0131yak,S., 2019, D\u00fcnyadaki Biyo\u00e7e\u015fitlilik ve B\u00f6ceklerin Ekosistem A\u00e7\u0131s\u0131ndan \u00d6nemi Hakk\u0131nda, J.Het.Turk.,Special Issue: 8-9<\/div>\n<div class=\"su-tabs-pane su-u-clearfix su-u-trim\" data-title=\"PDF\"><\/div>\n<div class=\"su-tabs-pane su-u-clearfix su-u-trim\" data-title=\"Makale s\u00fcreci\">Geli\u015f tarihi: Au\u011f 26 , 2019<br \/>\nYay\u0131nlanma tarihi:  Eyl 11, 2019<\/div><\/div><\/div>\n\n\n\n<hr class=\"wp-block-separator has-css-opacity\"\/>\n\n\n\n<p><\/p>\n\n\n\n<h5 class=\"wp-block-heading\">Heteroptera\u2019da Predat\u00f6rizm<\/h5>\n\n\n\n<p class=\"has-text-align-left\" style=\"font-size:14px\">Suat K\u0131yak<\/p>\n\n\n<div class=\"su-tabs su-tabs-style-default su-tabs-mobile-stack\" data-active=\"1\" data-scroll-offset=\"0\" data-anchor-in-url=\"no\"><div class=\"su-tabs-nav\"><span class=\"\" data-url=\"\" data-target=\"blank\" tabindex=\"0\" role=\"button\">\u00d6zet<\/span><span class=\"\" data-url=\"\" data-target=\"blank\" tabindex=\"0\" role=\"button\">Yazar ve Kurum<\/span><span class=\"\" data-url=\"\" data-target=\"blank\" tabindex=\"0\" role=\"button\">Anahtar kelimeler<\/span><span class=\"\" data-url=\"\" data-target=\"blank\" tabindex=\"0\" role=\"button\">At\u0131f k\u00fcnyesi<\/span><span class=\"\" data-url=\"https:\/\/www.j-ht.org\/wp-content\/uploads\/2019\/09\/jht-spec-5.pdf\" data-target=\"blank\" tabindex=\"0\" role=\"button\">PDF<\/span><span class=\"\" data-url=\"\" data-target=\"blank\" tabindex=\"0\" role=\"button\">Makale s\u00fcreci<\/span><\/div><div class=\"su-tabs-panes\"><div class=\"su-tabs-pane su-u-clearfix su-u-trim\" data-title=\"\u00d6zet\">\u00d6ZET:  Bu edit\u00f6ryal yaz\u0131da heteroptera alt tak\u0131m\u0131nda beslenme tarz\u0131 ve predat\u00f6r t\u00fcrler i\u00e7eren familyalar\u0131n biyolojik m\u00fccadele ajan\u0131 olarak ekositemdeki rollerine de\u011finilmi\u015ftir. <\/div>\n<div class=\"su-tabs-pane su-u-clearfix su-u-trim\" data-title=\"Yazar ve Kurum\">Suat K\u0131yak<br \/>\n*Gazi Universiesi, Fen Fak\u00fcltesi, Biyoloji B\u00f6l\u00fcm\u00fc, Teknikokullar-Ankara\/ T\u00fcrkiye E-posta: skiyak@gazi.edu.tr<\/div>\n<div class=\"su-tabs-pane su-u-clearfix su-u-trim\" data-title=\"Anahtar kelimeler\">Anahtar kelimeler: Heteroptera, predat\u00f6rizm, biyolojik kontrol, ekosistem <\/div>\n<div class=\"su-tabs-pane su-u-clearfix su-u-trim\" data-title=\"At\u0131f k\u00fcnyesi\">K\u0131yak,S., 2019, Heteroptera\u2019da Predat\u00f6rizm, J.Het.Turk.,Special Issue:10-11<\/div>\n<div class=\"su-tabs-pane su-u-clearfix su-u-trim\" data-title=\"PDF\"><\/div>\n<div class=\"su-tabs-pane su-u-clearfix su-u-trim\" data-title=\"Makale s\u00fcreci\">Geli\u015f tarihi: Au\u011f 28 , 2019<br \/>\nYay\u0131nlanma tarihi:  Eyl 11, 2019<\/div><\/div><\/div>\n\n\n\n<hr class=\"wp-block-separator has-css-opacity\"\/>\n\n\n\n<div class=\"wp-block-media-text alignwide has-media-on-the-right\" style=\"grid-template-columns:auto 20%\"><div class=\"wp-block-media-text__content\">\n<h6 class=\"wp-block-heading\"><em>Journal of the Heteroptera of Turkey<\/em>, Special Issue (September, 2019) &#8211; <\/h6>\n<\/div><figure class=\"wp-block-media-text__media\"><img loading=\"lazy\" decoding=\"async\" width=\"152\" height=\"200\" src=\"http:\/\/www.j-ht.org\/wp-content\/uploads\/2019\/09\/JHTissue-cover-ICI.jpg\" alt=\"\" class=\"wp-image-986 size-full\"\/><\/figure><\/div>\n\n\n<div class=\"su-spoiler su-spoiler-style-default su-spoiler-icon-arrow su-spoiler-closed\" data-scroll-offset=\"0\" data-anchor-in-url=\"no\"><div class=\"su-spoiler-title\" tabindex=\"0\" role=\"button\"><span class=\"su-spoiler-icon\"><\/span>Special Issue, September 11, 2019 \/ View - Download-Full Text (PDF)<\/div><div class=\"su-spoiler-content su-u-clearfix su-u-trim\">\n<div\n    class='wp-block-pdfp-pdf-poster  alignnone'\n    id='block-2'\n    data-attributes='{&quot;uniqueId&quot;:&quot;pdfp1&quot;,&quot;file&quot;:&quot;https:\\\/\\\/www.j-ht.org\\\/wp-content\\\/uploads\\\/2019\\\/09\\\/jht-issue-september2019.pdf&quot;,&quot;title&quot;:&quot;jht-issue-september2019&quot;,&quot;height&quot;:&quot;950px&quot;,&quot;width&quot;:&quot;100%&quot;,&quot;print&quot;:false,&quot;fullscreenButton&quot;:&quot;1&quot;,&quot;newWindow&quot;:false,&quot;showName&quot;:true,&quot;downloadButton&quot;:false,&quot;downloadButtonText&quot;:&quot;Download File&quot;,&quot;protect&quot;:false,&quot;onlyPDF&quot;:false,&quot;defaultBrowser&quot;:false,&quot;thumbMenu&quot;:false,&quot;initialPage&quot;:0,&quot;sidebarOpen&quot;:false,&quot;lastVersion&quot;:false,&quot;hrScroll&quot;:0,&quot;alert&quot;:true,&quot;btnStyles&quot;:{&quot;background&quot;:&quot;#1e73be&quot;,&quot;color&quot;:&quot;#fff&quot;,&quot;fontSize&quot;:&quot;1rem&quot;,&quot;padding&quot;:{&quot;top&quot;:10,&quot;right&quot;:20,&quot;bottom&quot;:10,&quot;left&quot;:10}},&quot;popupOptions&quot;:{&quot;enabled&quot;:0,&quot;text&quot;:&quot;Open PDF&quot;,&quot;triggerType&quot;:&quot;button&quot;,&quot;image&quot;:&quot;&quot;,&quot;imageHeight&quot;:&quot;200px&quot;,&quot;imageWidth&quot;:&quot;300px&quot;,&quot;imagePdfIcon&quot;:true,&quot;triggerAlignment&quot;:&quot;center&quot;,&quot;btnStyle&quot;:{&quot;background&quot;:&quot;#1e73be&quot;,&quot;color&quot;:&quot;#fff&quot;,&quot;fontSize&quot;:&quot;1rem&quot;,&quot;padding&quot;:{&quot;top&quot;:10,&quot;right&quot;:20,&quot;bottom&quot;:10,&quot;left&quot;:10}}},&quot;actionsPosition&quot;:&quot;top&quot;,&quot;socialShare&quot;:{&quot;enabled&quot;:false,&quot;facebook&quot;:false,&quot;twitter&quot;:false,&quot;linkedin&quot;:false,&quot;pinterest&quot;:false,&quot;position&quot;:&quot;top&quot;},&quot;adobeEmbedder&quot;:false,&quot;align&quot;:&quot;none&quot;,&quot;alignment&quot;:&quot;left&quot;,&quot;titleFontSize&quot;:&quot;16px&quot;,&quot;fullscreenButtonText&quot;:&quot;View Fullscreen&quot;,&quot;isHideRightToolbar&quot;:false,&quot;additional&quot;:{&quot;ID&quot;:&quot;&quot;,&quot;Class&quot;:&quot;&quot;,&quot;CSS&quot;:&quot;&quot;},&quot;adobeOptions&quot;:{&quot;showDownloadPDF&quot;:true,&quot;showPrintPDF&quot;:true,&quot;showAnnotationTools&quot;:true,&quot;showFullScreen&quot;:false,&quot;embedMode&quot;:&quot;SIZED_CONTAINER&quot;},&quot;popupBtnStyle&quot;:{&quot;background&quot;:&quot;#2271b1&quot;,&quot;color&quot;:&quot;#fff&quot;,&quot;padding&quot;:{&quot;top&quot;:10,&quot;right&quot;:20,&quot;bottom&quot;:10,&quot;left&quot;:10}},&quot;popupBtnText&quot;:&quot;Open Document&quot;,&quot;CSS&quot;:&quot;&quot;,&quot;isPremium&quot;:false}'\n    style=\"text-align: left\">\n    \n        <iframe loading=\"lazy\" title=\"jht-issue-september2019\" style=\"border:0;\" width=\"100%\" height=\"800px\" class=\"pdfp_unsupported_frame\" src=\"\/\/docs.google.com\/gview?embedded=true&url=https:\/\/www.j-ht.org\/wp-content\/uploads\/2019\/09\/jht-issue-september2019.pdf\"><\/iframe>\n\n    <\/div>\n\n<div class=\"wp-block-file\"><a href=\"https:\/\/www.j-ht.org\/wp-content\/uploads\/2019\/09\/jht-issue-september2019.pdf\" class=\"wp-block-file__button wp-element-button\" download aria-describedby=\"wp-block-file--media-16d4241c-f4a0-4e3d-b392-540828d8aae2\">Download<\/a><\/div>\n<\/div><\/div>\n\n\n\n<hr class=\"wp-block-separator has-css-opacity\"\/>\n<div class=\"pvc_clear\"><\/div><p id=\"pvc_stats_174\" class=\"pvc_stats all  \" data-element-id=\"174\" style=\"\"><i class=\"pvc-stats-icon medium\" aria-hidden=\"true\"><svg aria-hidden=\"true\" focusable=\"false\" data-prefix=\"far\" data-icon=\"chart-bar\" role=\"img\" xmlns=\"http:\/\/www.w3.org\/2000\/svg\" viewBox=\"0 0 512 512\" class=\"svg-inline--fa fa-chart-bar fa-w-16 fa-2x\"><path fill=\"currentColor\" d=\"M396.8 352h22.4c6.4 0 12.8-6.4 12.8-12.8V108.8c0-6.4-6.4-12.8-12.8-12.8h-22.4c-6.4 0-12.8 6.4-12.8 12.8v230.4c0 6.4 6.4 12.8 12.8 12.8zm-192 0h22.4c6.4 0 12.8-6.4 12.8-12.8V140.8c0-6.4-6.4-12.8-12.8-12.8h-22.4c-6.4 0-12.8 6.4-12.8 12.8v198.4c0 6.4 6.4 12.8 12.8 12.8zm96 0h22.4c6.4 0 12.8-6.4 12.8-12.8V204.8c0-6.4-6.4-12.8-12.8-12.8h-22.4c-6.4 0-12.8 6.4-12.8 12.8v134.4c0 6.4 6.4 12.8 12.8 12.8zM496 400H48V80c0-8.84-7.16-16-16-16H16C7.16 64 0 71.16 0 80v336c0 17.67 14.33 32 32 32h464c8.84 0 16-7.16 16-16v-16c0-8.84-7.16-16-16-16zm-387.2-48h22.4c6.4 0 12.8-6.4 12.8-12.8v-70.4c0-6.4-6.4-12.8-12.8-12.8h-22.4c-6.4 0-12.8 6.4-12.8 12.8v70.4c0 6.4 6.4 12.8 12.8 12.8z\" class=\"\"><\/path><\/svg><\/i> <img loading=\"lazy\" decoding=\"async\" width=\"16\" height=\"16\" alt=\"Loading\" src=\"https:\/\/www.j-ht.org\/wp-content\/plugins\/page-views-count\/ajax-loader-2x.gif\" border=0 \/><\/p><div class=\"pvc_clear\"><\/div>","protected":false},"excerpt":{"rendered":"<p>Special Issue (2019) \u2013&nbsp; J.Het.Turk., Special issue, Published: Sep 11, 2019 \u2013&nbsp; Contents K\u0131yak,S., 2019,<\/p>\n<div class=\"pvc_clear\"><\/div>\n<p id=\"pvc_stats_174\" class=\"pvc_stats all  \" data-element-id=\"174\" style=\"\"><i class=\"pvc-stats-icon medium\" aria-hidden=\"true\"><svg aria-hidden=\"true\" focusable=\"false\" data-prefix=\"far\" data-icon=\"chart-bar\" role=\"img\" xmlns=\"http:\/\/www.w3.org\/2000\/svg\" viewBox=\"0 0 512 512\" class=\"svg-inline--fa fa-chart-bar fa-w-16 fa-2x\"><path fill=\"currentColor\" d=\"M396.8 352h22.4c6.4 0 12.8-6.4 12.8-12.8V108.8c0-6.4-6.4-12.8-12.8-12.8h-22.4c-6.4 0-12.8 6.4-12.8 12.8v230.4c0 6.4 6.4 12.8 12.8 12.8zm-192 0h22.4c6.4 0 12.8-6.4 12.8-12.8V140.8c0-6.4-6.4-12.8-12.8-12.8h-22.4c-6.4 0-12.8 6.4-12.8 12.8v198.4c0 6.4 6.4 12.8 12.8 12.8zm96 0h22.4c6.4 0 12.8-6.4 12.8-12.8V204.8c0-6.4-6.4-12.8-12.8-12.8h-22.4c-6.4 0-12.8 6.4-12.8 12.8v134.4c0 6.4 6.4 12.8 12.8 12.8zM496 400H48V80c0-8.84-7.16-16-16-16H16C7.16 64 0 71.16 0 80v336c0 17.67 14.33 32 32 32h464c8.84 0 16-7.16 16-16v-16c0-8.84-7.16-16-16-16zm-387.2-48h22.4c6.4 0 12.8-6.4 12.8-12.8v-70.4c0-6.4-6.4-12.8-12.8-12.8h-22.4c-6.4 0-12.8 6.4-12.8 12.8v70.4c0 6.4 6.4 12.8 12.8 12.8z\" class=\"\"><\/path><\/svg><\/i> <img loading=\"lazy\" decoding=\"async\" width=\"16\" height=\"16\" alt=\"Loading\" src=\"https:\/\/www.j-ht.org\/wp-content\/plugins\/page-views-count\/ajax-loader-2x.gif\" border=0 \/><\/p>\n<div class=\"pvc_clear\"><\/div>\n","protected":false},"author":1,"featured_media":0,"parent":0,"menu_order":0,"comment_status":"closed","ping_status":"closed","template":"","meta":{"footnotes":""},"class_list":["post-174","page","type-page","status-publish","hentry"],"_links":{"self":[{"href":"https:\/\/www.j-ht.org\/index.php?rest_route=\/wp\/v2\/pages\/174","targetHints":{"allow":["GET"]}}],"collection":[{"href":"https:\/\/www.j-ht.org\/index.php?rest_route=\/wp\/v2\/pages"}],"about":[{"href":"https:\/\/www.j-ht.org\/index.php?rest_route=\/wp\/v2\/types\/page"}],"author":[{"embeddable":true,"href":"https:\/\/www.j-ht.org\/index.php?rest_route=\/wp\/v2\/users\/1"}],"replies":[{"embeddable":true,"href":"https:\/\/www.j-ht.org\/index.php?rest_route=%2Fwp%2Fv2%2Fcomments&post=174"}],"version-history":[{"count":143,"href":"https:\/\/www.j-ht.org\/index.php?rest_route=\/wp\/v2\/pages\/174\/revisions"}],"predecessor-version":[{"id":4346,"href":"https:\/\/www.j-ht.org\/index.php?rest_route=\/wp\/v2\/pages\/174\/revisions\/4346"}],"wp:attachment":[{"href":"https:\/\/www.j-ht.org\/index.php?rest_route=%2Fwp%2Fv2%2Fmedia&parent=174"}],"curies":[{"name":"wp","href":"https:\/\/api.w.org\/{rel}","templated":true}]}}